ctors of (-8)/5*(-45)/o?
2, 3
Suppose -3*r - 2*o = -256, 4*o - 2 = 3*o. List the prime factors of r.
2, 3, 7
Let m = 0 - -9. Suppose 0 = -m*y + 10*y - 26. List the prime factors of y.
2, 13
Let r be (-1)/(-6) + 622/12. Let z = -19 + r. List the prime factors of z.
3, 11
Suppose 2*x + 3*x = 15. Let r(p) = 3*p. Let n be r(1). Suppose -n*q = 2*q - 3*m - 12, 0 = x*q + 5*m - 14. List the prime factors of q.
3
Suppose 84 = 3*j - 2*j. What are the prime factors of j?
2, 3, 7
Suppose 4*k = 13 + 3. Suppose k*q = 2*g - 40, -2*g = 3*g - q - 136. What are the prime factors of g?
2, 7
List the prime factors of 25 - (0/4 - -1).
2, 3
Suppose -70 = 5*g + 5*f, -5*g + 3*f = -3*g + 28. Let j = 11 + -37. Let u = g - j. List the prime factors of u.
2, 3
Let d be ((-24)/18)/((-2)/3). Suppose 12 = -k + 5*k - d*f, 0 = -k - 2*f - 2. Suppose -k*t + 5*t + 5*y - 20 = 0, 10 = -2*y. What are the prime factors of t?
3, 5
Suppose -3*i = 2*i - 115. What are the prime factors of (-3 - i/(-2))*4?
2, 17
Suppose -c + 28 = c - t, -47 = -3*c + 4*t. What are the prime factors of c?
13
Let w(t) = t**2 - 12*t + 35. List the prime factors of w(16).
3, 11
Let w = -5 + 18. List the prime factors of w.
13
Let j(x) = x - 9. Let y be j(5). Let a(n) = -n. Let s be a(-6). What are the prime factors of (-68)/(-6) - y/s?
2, 3
Let h be (-343)/(-35) + 1/5. Let z(q) = -q + 14. List the prime factors of z(h).
2
Let b = 12 + -7. Suppose 0 = b*x - x - 24. List the prime factors of x + (2 + -2 - -2).
2
Let u(c) = -11*c**3 + 4*c**2. Let o(x) = 5*x**3 - 2*x**2. Let r(g) = -13*o(g) - 6*u(g). What are the prime factors of r(2)?
2
Suppose 217 = 4*z + 3*r, -280 = -5*z + 5*r - 0. Let t = -26 + z. List the prime factors of t.
29
Let h(c) = -c**3 + 5*c**2 - 3*c. Let r be h(4). Suppose r*p = y + 2 - 0, 0 = 5*p - 4*y - 8. Suppose 2*g + p*g = 20. List the prime factors of g.
2, 5
Let w be (3/(-4))/((-1)/4). List the prime factors of 40/w + 6/(-18).
13
List the prime factors of (-4)/((-56)/63)*(-16)/(-6).
2, 3
Let k(j) = 4*j**2 - 4*j - 30. What are the prime factors of k(7)?
2, 3, 23
Suppose -4*b - 2*b = -6. Let u(y) = 11*y + 20*y - 1 - 8*y. What are the prime factors of u(b)?
2, 11
Let i be 3*(-4)/6 - -29. Suppose 0 = 5*a - 5*n + 23 + i, -a + 3*n = 14. Let l(r) = -r - 1. What are the prime factors of l(a)?
7
Let d be (-42 + 1)*(0 - -1). Let y = 71 + d. Suppose y - 8 = 2*r. What are the prime factors of r?
11
Let i be 2/(-7) - (-69)/21. Let d = -17 + 19. List the prime factors of (-4)/((-4)/i) + d.
5
Let v be 2/((1 - 0)*1). Suppose 5*y + 0*y + 4*x = -14, -v*x + 20 = -2*y. List the prime factors of y/(-15) - 46/(-10).
5
Let h(f) be the third derivative of -5*f**4/24 - f**3/6 - 5*f**2. What are the prime factors of h(-3)?
2, 7
Let t = 44 - 14. Suppose 5*n + 4*f - 14 = 44, t = 3*n + 4*f. Let o = n + -5. List the prime factors of o.
3
Let k be -2 - -1 - -46*1. Let v(u) = u**2 - 3*u - 3. Let s be v(5). Suppose -s*o + k = -2*o. List the prime factors of o.
3
Let i(u) = u - 1. Let a(k) = -k**2 + 16*k - 8. Let d(h) = a(h) - 5*i(h). What are the prime factors of d(9)?
3, 5
Let l be ((-14)/(-4))/((-6)/12). Let j = 3 + l. What are the prime factors of 26/4 - (-6)/j?
5
Let l = -2 - -2. Suppose l = -3*u - 67 + 256. Suppose -2*o = 3*z - 19, 25 - u = -2*z + 5*o. What are the prime factors of z?
3
Suppose -x = 2*x - 84. Suppose -5*s = -x + 8. What are the prime factors of -3*s*(-4)/3?
2
Suppose 4*y = 4*b + 4 + 20, 4*y - 14 = -b. Let i = 22 + y. List the prime factors of i.
2, 13
Suppose -t - 4*t = 10. Let c = -2 - t. Let l(y) = y + 6. List the prime factors of l(c).
2, 3
Let p(u) = 2*u + 30. List the prime factors of p(0).
2, 3, 5
What are the prime factors of (5 + -1 - 0) + 212?
2, 3
Let k(c) = -46*c + 2. What are the prime factors of k(-1)?
2, 3
Let n be (1 - (1 - 3)) + 0. Suppose 5*s + n*a - 90 = -2*a, 2*s - 29 = 5*a. What are the prime factors of s?
17
Let x = 0 + 2. Suppose 3*u - 64 = x*r, u + 5*r - 4 = 6. What are the prime factors of u?
2, 5
Suppose 5*r + 5 = 0, 4*x - 19 = -0*r + 3*r. Suppose -g - 5*u - 155 = -6*g, x*g = 5*u + 129. Let c = -15 + g. What are the prime factors of c?
11
Suppose 8*s = 6*s + 28. Suppose -6 - s = -t. List the prime factors of t.
2, 5
Let b be (6 - -3) + 6/2. What are the prime factors of (-2)/b*2*-21?
7
Suppose -2*d + 4 + 0 = 0. Suppose m + 1 = -2*y, 5*m + 0*m + 16 = y. Let i = y + d. What are the prime factors of i?
3
Suppose -3*n - 1 = -7. Suppose -53 - 46 = -11*l. Let b = n + l. List the prime factors of b.
11
Suppose a - 1 = -0*a, 2*t = a + 3. Suppose t*m + 17 = 43. List the prime factors of m.
13
List the prime factors of 6*-1*55/(-2) - -4.
13
Let y = 31 + -29. List the prime factors of y.
2
Let m = -9 + 16. What are the prime factors of m?
7
Let y be (-22)/6 - (-8)/12. List the prime factors of (-13)/y + 4/6.
5
Suppose -g + 9 = -4*g, -3*v - g + 102 = 0. List the prime factors of v.
5, 7
Let y = 8 + -7. Let x = y + 1. Suppose -1 - 43 = -x*r. List the prime factors of r.
2, 11
Suppose 0 = 3*r + 4*k - 428, 0 = -0*r + 4*r + k - 549. What are the prime factors of r?
2, 17
Suppose 3*b - 2*p + 104 = 0, -b = b - p + 68. What are the prime factors of (0 - 12/8)*b?
2, 3
Let h = 0 + 4. Let b(z) = -z**3 - 2*z**2 - z - 1. Let v be b(-1). Let i = h + v. List the prime factors of i.
3
Let b(o) = -o + 4. Suppose 0 = n - 5*n + 8. List the prime factors of b(n).
2
Suppose -2*t = -37 - 5. Let o = t + 12. Suppose -j + o = 2*j. List the prime factors of j.
11
Let t(f) = 10*f - 14. List the prime factors of t(19).
2, 11
Suppose -2*d = 5*y + 7 - 21, -5*d = y + 11. Suppose 2*j - 2 = 4*g, -2*j + 16 = -4*j - 5*g. Let m = y - j. What are the prime factors of m?
7
Suppose 4*l - 394 = 3*b, 0 = -l + 2*l - b - 99. List the prime factors of l.
97
Let x(n) = -n + 5. Suppose -3*c + 5 + 7 = 0. Let y = c + -8. List the prime factors of x(y).
3
Let f = -19 - -11. Let y = -3 - f. List the prime factors of y.
5
Suppose -2*q - 3*p + 29 = 0, -q + 5*q - 56 = -4*p. Suppose -n + 3 = -2*s, -5*s + 2*n + 4 = q. Let b = 9 - s. What are the prime factors of b?
2, 3
Let o(v) = 5*v - 1. Let t be o(1). Let c = t + -1. Suppose -p - c = -a - 2, 3*a - 9 = 0. What are the prime factors of p?
2
Suppose 500 + 74 = 7*n. List the prime factors of n.
2, 41
List the prime factors of -1 + -2 - -1 - -81.
79
Suppose 5*x - 20 = -4*f + x, -2*x + 12 = 3*f. Suppose -h + 0*h + 9 = -f*w, 4*h - 5*w = 27. Suppose -u + 40 = h*u. What are the prime factors of u?
2, 5
Suppose 0 = -0*x - x - 5*r + 30, 5*x - 150 = 4*r. Suppose -4 = -d + 4*z + 2, x = 5*d + z. Suppose -18 + d = -4*o. What are the prime factors of o?
3
Let q(h) = -7 + 0*h**2 - 3*h**2 - 3*h**3 + 2*h**3 + 3*h. What are the prime factors of q(-5)?
2, 7
Let v(l) = -l**3 + 5. What are the prime factors of v(-5)?
2, 5, 13
Let j = 88 + -62. Let t = 37 - j. Suppose 3*r + 2 - t = 0. What are the prime factors of r?
3
Let f = 48 - 10. List the prime factors of f.
2, 19
Suppose 4*n + 5*p - 87 - 248 = 0, 3*p = 3*n - 285. Suppose n = 2*i + 3*i. Let j = -8 + i. List the prime factors of j.
2, 5
Suppose 2*d - 6 = -2. Suppose 0 = -0*q + d*q - 30. Suppose -60 + q = -3*i. List the prime factors of i.
3, 5
Let s be (-1)/(-3) + (-28)/3. Let p be (-4)/(-18) + 2/s. Suppose 5*r + o + 4*o - 30 = p, -2*r = -2*o - 24. List the prime factors of r.
3
Let t(h) = h**2 + 3*h - 1. Let l be t(-5). Suppose 0 = -5*y + 2*y + l. Suppose -2*n = -11 + y. List the prime factors of n.
2
Suppose 0 = 5*n - 9 - 6. Suppose -3*b - 18 = -n*j, -16 + 6 = -5*b. What are the prime factors of j?
2
Suppose 5*y - 2*k = 3*y, 2*y - k = 0. Suppose h + y*h = 41. Suppose -3*d - h = -3*c + d, -5*c + 5*d = -65. What are the prime factors of c?
11
Let x be 2/4*(-12)/(-3). Suppose -5*w + 147 + 29 = 3*n, x*w = -4*n + 76. List the prime factors of w.
2, 17
Let x(s) = -s**3 - 5*s**2 + 5*s - 6. Let u be x(-6). Let j = 32 + u. What are the prime factors of j?
2
Let x = 11 + -5. Let a = x - -17. List the prime factors of a.
23
Suppose 3*k = 24 - 6. What are the prime factors of k?
2, 3
Let g(b) be the third derivative of -b**4/12 + b**3/6 + 4*b**2. What are the prime factors of g(-10)?
3, 7
Let x(h) = h + 1. Suppose -13 = -3*a + 5. Let p be x(a). Suppose -p = -2*t + 15. List the prime factors of t.
11
Let t = -9 - -7. Let c(i) = -3*i**3 - i**2 + i - 2. What are the